t g = 52 - 47. Suppose -g*j - 26 = -76. Suppose -j*x - 930 = -15*x. What are the prime factors of x?
2, 3, 31
Suppose -4*m + 96270 = 52*k - 49*k, 5*k = -2*m + 160450. What are the prime factors of k?
2, 5, 3209
Let s(q) = 22*q - 61. Let u be s(3). Let n(y) = 10*y**2 + 13*y - 72. List the prime factors of n(u).
3
Suppose -2*t + 96 = -8*t. Let a = t + 16. List the prime factors of (a - -1)*(3 - 445/(-5)).
2, 23
Let t(z) = 8*z - 47. Let b(a) = 4*a + 108. Let s be b(-22). List the prime factors of t(s).
113
What are the prime factors of ((-10)/1)/(-5) - 4/((-48)/367092)?
30593
Let n be 14/10 + (-54)/10. Let z be (0 - 12/(-8))*12. List the prime factors of 1562/z - n/18.
3, 29
What are the prime factors of (-77996)/(-4) + (89 - 71)?
29, 673
Let p(u) = u**3 - 2*u**2 + u + 1. Let y be p(2). Suppose 5*a + 69 = y*h, 0 = 3*h + h + 3*a - 92. What are the prime factors of h?
23
Suppose -2*w = 3*k - 695, 2*w - 9*k = -11*k + 690. Suppose 0 = -7*u - w + 3721. What are the prime factors of u?
3, 7, 23
Let u(t) = 168*t - 37. Let x be u(6). Let s = x - 583. Suppose 2*p - s = -26. What are the prime factors of p?
181
Let w = -150 - 57. Let j = 8 - w. Let q = j - 138. List the prime factors of q.
7, 11
Let v = -85398 - -128019. List the prime factors of v.
3, 14207
Let n = -311 - -321. Suppose -n*z = -6*z + 2*j - 4794, -z - 4*j = -1216. List the prime factors of z.
2, 13, 23
Let c be (-4 - 3) + (-3)/(-3). Let t(o) = o**3 + 4*o**2 - 20*o + 9. List the prime factors of t(c).
3, 19
Let h = 17844 + -2340. What are the prime factors of h?
2, 3, 17, 19
Let h(x) = -x**3 + 2*x**2 + 467. Let v be h(0). Suppose -3*y - 4*a + v = -2*a, -2*y - 2*a = -310. What are the prime factors of y?
157
Let i(n) = n**3 + 6*n**2 - 8*n - 2. Let s be i(-6). Suppose s - 10 = 2*d. Suppose 4*v + 3 = 3*r - d, 0 = -4*r - 2*v + 50. List the prime factors of r.
11
Let s be (-16 - 3)/((-16)/(-496)). Let j = s + 2203. What are the prime factors of j?
2, 3, 269
Let z = 935 - 478. Let d = z + -264. Suppose 2*u = -3*l + u + d, -257 = -4*l - u. What are the prime factors of l?
2
Let p(c) = -96*c - 35 + 182*c + 4*c**2 - 3*c**2 - 91*c. List the prime factors of p(15).
5, 23
Suppose -2832569 - 4021681 = -111*b. What are the prime factors of b?
2, 5, 13, 19
Suppose -r + 5*q = -31, -2*r - 39 = -5*r - 3*q. Suppose 5*t + 0*t = -4*g + 3216, 4*t - r = 0. What are the prime factors of g?
17, 47
Let n = -596 + 592. Suppose 0*r - 4 = -r, 3*b - 4*r + 34 = 0. What are the prime factors of b*2/n - -141?
2, 3
Let d(q) = 46*q**2 - 3*q + 3. Let u be (-1 + -117)*5/10. Let y = u + 61. List the prime factors of d(y).
181
Let h = 4203 - 3490. List the prime factors of h.
23, 31
Let n(t) = t**3 + 19*t**2 - 3*t - 55. Let x be n(-19). List the prime factors of (220 - 2) + 5 + x.
3, 5
Let s = 299 + 104. What are the prime factors of 7 + s + (1 - 6)?
3, 5
List the prime factors of 2/((-24)/3) + (4 - 4098445/(-52)).
2, 5, 7, 563
Suppose 0 = -3*p + 47 + 1303. Let v be 14/3*p/(-7). Let o = v - -420. List the prime factors of o.
2, 3, 5
Suppose -b + 3801 = -7782. Suppose 0 = 8*l + l - b. List the prime factors of (7/(42/l))/(3/4).
2, 11, 13
Suppose 37*k - 17*k - 81020 = 0. Suppose -23426 + k = -31*a. List the prime factors of a.
5
Suppose -p = -4*f + 2511, 5*f = 3*f + p + 1257. Let t = 1060 - f. What are the prime factors of t?
433
Suppose -s + 4864 = w, 5*w - 12012 = -4*s + 12304. Suppose -5*t - 5*o + w = 0, -40*o + 44*o = t - 947. What are the prime factors of t?
967
Let b(g) = -39*g + 17. Let s be b(2). Suppose 10*l - 620 = 15*l. Let v = s - l. What are the prime factors of v?
3, 7
Suppose -358*c + 350*c + 98898 = -26086. List the prime factors of c.
17, 919
Suppose -34*b - 82*b + 5479375 = 9*b. What are the prime factors of b?
5, 11, 797
Let u(b) = 115*b - 270*b + 127*b - 157 + 39. List the prime factors of u(-24).
2, 277
Let b(m) be the third derivative of m**5/12 + 17*m**4/24 - 23*m**3/3 + 36*m**2 - 2. List the prime factors of b(6).
2, 59
Let o be ((-2)/(-4))/((-6)/(-4))*6. Suppose 0 = m - 5, -o*l - 4*m + 62 = -2*m. Suppose 22*b = l*b - 108. List the prime factors of b.
3
Let k(f) = 14*f - 6. Let v be k(5). Suppose 0 = -0*p - 139*p - 1668. Let t = v + p. List the prime factors of t.
2, 13
Let o(n) = 97*n**2 - 1. Let u(i) = -i**3 - 2*i**2 - 2. Let r be u(0). What are the prime factors of o(r)?
3, 43
What are the prime factors of -2 - -21 - (-108 - 8443)?
2, 5, 857
Suppose 0 = 3*g - 9 - 6. Suppose -g*r + 1208 = -3*r. What are the prime factors of r?
2, 151
Suppose -5*m = 3*w - 10, -2*w = 3*m + 2*w + 5. Suppose -300 = -4*d - 2*o, 5*d - m*o - 130 - 260 = 0. List the prime factors of d.
2, 19
Let t(o) = -o**2 - 2*o + 10. Let k be t(-4). Let v be (-14 + 1 - k)*1. Let z(n) = n**3 + 15*n**2 - 4*n - 13. What are the prime factors of z(v)?
47
Let w = -30 + 32. Suppose w*r - 3*r - 4*p = -307, -5*r = 2*p - 1517. What are the prime factors of r?
3, 101
Let k = 56 + -22. Suppose -43*t = -k*t - 8505. Suppose -11*g + t = -4*g. List the prime factors of g.
3, 5
Let s(m) = -m**3 + 9*m**2 + 6*m - 11. Let f(g) = g**2 + 19*g + 9. Let w be f(-11). Let l = 88 + w. What are the prime factors of s(l)?
43
Let u = 299 - 756. Let q = -84 - u. List the prime factors of q.
373
Suppose 6 = -3*s + 3*j, 5*s - 6 = -8*j + 5*j. Suppose -8*g + 11*g - 6 = s. Suppose g*h - 928 = -6*h. List the prime factors of h.
2, 29
Suppose j - 3 = 0, -25 = 2*y - 3*j + 68. Let k be y/(-3)*(-10)/(-5). What are the prime factors of (-8)/k + (-471)/(-7)?
67
Suppose 13*p - 197 = -132. Suppose 4*y = -0*y + 2*z + 680, -694 = -4*y - p*z. What are the prime factors of y?
3, 19
Let n = 4673 + 5616. What are the prime factors of n?
10289
Let i be (0 + 2)/((-3241)/462 - -7). What are the prime factors of i/88 - 1811/(-2)?
2, 113
Let g(c) = 13312*c - 116. What are the prime factors of g(2)?
2, 3, 47
Suppose 4 = 4*o + 2*k, 5*k + 50 - 18 = 4*o. Suppose o*m = -0*m. Suppose m = -8*l + 5*l + 108. What are the prime factors of l?
2, 3
Let u = 31100 - 7988. List the prime factors of u.
2, 3, 107
Let n = 862 + 5247. List the prime factors of n.
41, 149
Suppose 3*g = 4*v - 96318, 0 = -5*v + 114*g - 117*g + 120357. List the prime factors of v.
3, 5, 107
Suppose 64*h + 22580 = 66*h - 2*l, -2*l + 33865 = 3*h. List the prime factors of h.
3, 53, 71
Let l(f) = -f**2 + 9*f - 9. Let z be l(7). Suppose z*b = j - 283, -j - 4*b = -89 - 176. List the prime factors of j.
3, 7, 13
Suppose -2*v - 1 = s, -v - 2*s = 2*s - 10. Let o(m) = 3213*m**2 - 4*m - 3210*m**2 - 7 + m. List the prime factors of o(v).
11
Let c be (50/20)/(1/2). Suppose c*w = -2*z - 108, 0 = 8*w - 4*w - 5*z + 60. Let g = w - -26. List the prime factors of g.
2, 3
Let m(x) = x**3 - 19*x**2 + 42*x - 74. Let t be m(19). Let n = t + 902. List the prime factors of n.
2, 3, 271
Let m(b) = 564*b - 15. Let z(g) = -2*g**3 - 9*g**2 + g - 3. Let x be z(-4). Let o be m(x). List the prime factors of 4/22 + o/(-143).
7, 13
Let t(l) = 712*l**2 + 3*l + 6. What are the prime factors of t(-5)?
17791
Let x(d) = 27*d + 4. Suppose 2*f + 46 = 4*y, -6*f - 80 = -5*y - 11*f. Suppose -11*v - 4 = -y*v. What are the prime factors of x(v)?
2, 29
Suppose 0*r = -r, -4*r - 12350 = -5*w. Let l = w - 1700. What are the prime factors of l?
2, 5, 7, 11
Suppose 0 = -2729*y + 2752*y - 282049. List the prime factors of y.
12263
Suppose -73*f + 67*f = -8238. Suppose -16*q + f = -7987. What are the prime factors of q?
3, 5, 13
Let n = 157 - 158. List the prime factors of (n + -2485)/(-63 - -61).
11, 113
Suppose 12744 = 130*t - 122*t. Suppose 4*p - t = -365. List the prime factors of p.
307
Let d be (84/63)/((-1)/(-78)). Let z = d + -34. List the prime factors of z - (-1)/2*-2.
3, 23
Suppose g = 2*t - 1253, -g + 5 = 2. Let u = t - 439. What are the prime factors of u?
3, 7
Suppose 0 = k + 2*k - 2*z - 86187, 5*z + 28742 = k. List the prime factors of k.
23, 1249
Suppose 0 = g + g - 8. Let h be ((-3)/5)/(18/(-630)). Suppose 4*i - 319 = -2*x + h, -4*x + g*i = -656. What are the prime factors of x?
2, 83
Suppose -122*y + 2467688 = -5603100. List the prime factors of y.
2, 11, 31, 97
Let k(b) be the first derivative of -b**3/3 - 23*b**2/2 + 26*b - 209. What are the prime factors of k(-12)?
2, 79
Let p(i) = i**3 - 15*i**2 - 23*i - 4. Let b be p(16). Let r = b - -163. Suppose 328 = 5*q - r